ue
Is 23 a factor of 192533583?
False
Does 10 divide 729317110?
True
Is 22 a factor of 28164353?
False
Is 407 a factor of 232750683?
True
Does 1768 divide 1310659163?
False
Is 37 a factor of 60166597?
False
Is 10 a factor of 1270360747?
False
Is 951 a factor of 233293564?
False
Is 2141 a factor of 4770454163?
True
Is 659 a factor of 525865525?
True
Is 489 a factor of 5767622?
False
Is 58268054 a multiple of 13?
True
Is 11043064 a multiple of 197?
False
Is 17594269 a multiple of 35?
False
Is 42 a factor of 42331055?
False
Is 1129495997 a multiple of 1758?
False
Is 967379175 a multiple of 2135?
True
Does 713 divide 83134906?
False
Is 53 a factor of 641866599?
False
Is 69 a factor of 63607159?
False
Does 182 divide 94059533?
False
Does 5 divide 942840610?
True
Does 399 divide 28912502?
False
Is 2950204117 a multiple of 3983?
True
Is 28 a factor of 1547806652?
True
Does 44 divide 96155928?
True
Is 33379140 a multiple of 1630?
True
Is 567 a factor of 58359042?
True
Is 150 a factor of 131203896?
False
Does 433 divide 16260449?
True
Does 2472 divide 1267997568?
True
Does 53 divide 21138096?
True
Is 672 a factor of 410048352?
True
Is 10 a factor of 16344156?
False
Does 887 divide 478795465?
False
Is 5064 a factor of 775941528?
True
Is 16 a factor of 58624511?
False
Is 3 a factor of 92357482?
False
Is 98791778 a multiple of 75?
False
Does 33 divide 851222064?
True
Is 97 a factor of 41774505?
True
Is 9004428 a multiple of 346?
False
Does 41 divide 16283519?
True
Is 28 a factor of 106437548?
True
Is 203005376 a multiple of 4?
True
Is 5 a factor of 468165235?
True
Does 1140 divide 60971760?
True
Is 610 a factor of 961184930?
True
Is 5 a factor of 365487309?
False
Is 6825 a factor of 1791265267?
False
Does 15 divide 67256130?
True
Is 170286809 a multiple of 343?
True
Is 11 a factor of 80495591?
True
Is 5 a factor of 612248287?
False
Does 20 divide 36103077?
False
Is 2637901 a multiple of 146?
False
Is 201 a factor of 16930833?
True
Is 168 a factor of 1167570421?
False
Is 17180535 a multiple of 265?
False
Is 10 a factor of 84172791?
False
Is 70575595 a multiple of 5035?
True
Is 80 a factor of 6407751760?
True
Is 7848876 a multiple of 21?
True
Is 223726938 a multiple of 899?
True
Is 135 a factor of 3717144617?
False
Does 82 divide 664163676?
False
Is 701630540 a multiple of 11?
False
Does 686 divide 373645734?
False
Is 855 a factor of 38426715?
False
Is 28312302 a multiple of 1707?
True
Is 24 a factor of 265035179?
False
Is 95135332 a multiple of 1262?
False
Is 930 a factor of 83570622?
False
Is 31383836 a multiple of 24?
False
Is 12 a factor of 3153738852?
True
Is 465253536 a multiple of 399?
False
Is 42274831 a multiple of 3808?
False
Is 12 a factor of 68187557?
False
Is 30 a factor of 19021770?
True
Does 113 divide 5655650?
True
Is 1494 a factor of 1054194786?
True
Is 431 a factor of 32909436?
True
Is 41 a factor of 1768708061?
True
Is 347 a factor of 572981668?
True
Is 73 a factor of 184657807?
True
Does 366 divide 94305714?
False
Is 1928319794 a multiple of 26?
False
Does 11 divide 18737400?
True
Does 4 divide 289899808?
True
Is 957 a factor of 3262340?
False
Does 58 divide 26951730?
True
Is 3550 a factor of 137825200?
True
Is 13473934 a multiple of 4?
False
Is 25 a factor of 309890375?
True
Is 3027232 a multiple of 104?
True
Does 845 divide 44193500?
True
Does 168 divide 1062488952?
True
Does 66 divide 534459023?
False
Is 7 a factor of 13809089?
True
Does 12 divide 119503205?
False
Does 68 divide 33498364?
True
Is 7415760 a multiple of 2640?
True
Is 8480472 a multiple of 1059?
True
Does 82 divide 118053514?
True
Is 34 a factor of 105782364?
True
Does 17 divide 806633663?
True
Is 3078188 a multiple of 14?
False
Does 250 divide 1083493841?
False
Is 135 a factor of 84598219?
False
Does 30 divide 15904620?
True
Is 16276624 a multiple of 71?
False
Is 6737808 a multiple of 132?
True
Is 417 a factor of 1398547754?
False
Is 10 a factor of 54155782?
False
Is 118 a factor of 25471362?
True
Is 93051300 a multiple of 1245?
True
Is 7779898 a multiple of 7?
True
Does 1435 divide 215660410?
True
Is 320168235 a multiple of 51?
False
Is 1390 a factor of 177322193?
False
Is 22 a factor of 6936668?
False
Is 1477926513 a multiple of 2828?
False
Is 4436340 a multiple of 6?
True
Does 26 divide 54473224?
True
Is 313 a factor of 23847783?
True
Is 3677414716 a multiple of 58?
True
Is 283703982 a multiple of 164?
False
Is 998250 a multiple of 11?
True
Is 1193 a factor of 21730418?
False
Does 3361 divide 730464179?
False
Does 12 divide 430147?
False
Does 34 divide 909327824?
True
Does 41 divide 19789576?
False
Is 14590984 a multiple of 24?
False
Is 92 a factor of 16829652?
True
Is 98905260 a multiple of 606?
True
Does 26 divide 300327272?
False
Is 1547 a factor of 245809018?
True
Does 655 divide 2796647?
False
Does 496 divide 7077014?
False
Is 1516 a factor of 148610135?
False
Is 19230344 a multiple of 98?
True
Does 285 divide 3168615956?
False
Does 4851 divide 132670650?
False
Is 59432890 a multiple of 1705?
True
Does 47 divide 94287170?
True
Is 7409908 a multiple of 5?
False
Is 503 a factor of 32424193?
False
Is 5 a factor of 941398725?
True
Is 13 a factor of 451927489?
True
Is 644466550 a multiple of 35?
True
Is 346043516 a multiple of 28?
True
Does 433 divide 259560984?
True
Does 11 divide 11042130?
True
Is 5185664 a multiple of 704?
True
Is 39413490 a multiple of 717?
True
Is 46587123 a multiple of 99?
True
Is 1990391835 a multiple of 157?
True
Does 32 divide 408991683?
False
Is 1889 a factor of 395637586?
False
Is 7631 a factor of 765404135?
False
Is 24 a factor of 19562952?
True
Is 11698566 a multiple of 209?
True
Is 13 a factor of 7497967890?
False
Is 18683034 a multiple of 162?
False
Is 4603580767 a multiple of 15?
False
Is 1628515483 a multiple of 16?
False
Is 38 a factor of 2059509028?
True
Is 11 a factor of 992157612?
False
Is 4 a factor of 41823216?
True
Does 21 divide 645515874?
False
Is 13458687 a multiple of 339?
False
Is 29565112 a multiple of 7?
False
Is 257624911 a multiple of 375?
False
Is 36 a factor of 236796956?
False
Is 223867270 a multiple of 97?
True
Is 4198617136 a multiple of 98?
True
Does 6692 divide 86333492?
True
Is 16 a factor of 289557184?
True
Is 3187462 a multiple of 4?
False
Does 10 divide 54342379?
False
Does 37 divide 199365225?
False
Is 326 a factor of 540850626?
True
Is 6145618 a multiple of 80?
False
Does 24 divide 1396928667?
False
Is 149123738 a multiple of 1144?
False
Does 2345 divide 741878270?
True
Is 10667472 a multiple of 3?
True
Is 5607 a factor of 1186542382?
False
Is 79730949 a multiple of 496?
False
Is 271 a factor of 531397396?
True
Is 88 a factor of 330088792?
True
Does 477 divide 2976714?
False
Is 91 a factor of 804652667?
True
Is 12 a factor of 31834091?
False
Does 18 divide 17442882?
True
Is 16763814 a multiple of 6?
True
Is 12 a factor of 1780864704?
True
Does 339 divide 35359526?
False
Does 213 divide 658767039?
True
Does 1769 divide 698523261?
True
Is 14 a factor of 76063722?
True
Is 72205140 a multiple of 420?
True
Does 3329 divide 181839967?
True
Is 11 a factor of 2553276?
True
Is 19012640 a multiple of 16?
True
Does 128 divide 34300672?
True
Is 266 a factor of 3565198?
True
Does 1416 divide 58054584?
True
Is 23407351 a multiple of 41?
True
Is 184 a factor of 1547775224?
False
Is 62477040 a multiple of 17?
True
Is 12132782 a multiple of 2?
True
Is 56075704 a multiple of 856?
True
Is 13 a factor of 63995139?
True
Does 207 divide 1867693?
False
Does 1360 divide 82080080?
True
Is 105814584 a multiple of 834?
True
Is 68702006 a multiple of 1066?
False
Does 97 divide 2481464282?
True
Is 53500356 a multiple of 126?
True
Does 2410 divide 192183040?
True
Is 273 a factor of 1684543085?
False
Is 203 a factor of 235788966?
True
Is 87179536 a multiple of 136?
True
Is 4650531 a multiple of 122?
False
Is 876 a factor of 26573607?
False
Is 66913092 a multiple of 107?
True
Does 515 divide 4025652000?
True
Is 613 a factor of 87792171?
False
Is 882 a factor of 421098552?
True
Is 42955938 a multiple of 1581?
False
Does 2016 divide 1430164512?
True
Is 33838398 a multiple of 594?
True
Does 98 divide 137725868?
True
Is 7098739932 a multiple of 37?
True
Is 14 a factor of 1821096998?
True
Is 21782859 a multiple of 177?
True
Does 2795 di